uppose 0 = 3*i + 15 - 6. Let j be 7*2/(-6)*i. Let c(q) = -272*q + 135*q + 7 + 135*q. Calculate c(j).
-7
Let p(v) = -v - 14. Let h(x) = -x**2 - 13*x - 22. Let k be h(-12). Give p(k).
-4
Let f be (1 + -3)*5/(-2). Let h(x) = -5*x - 3 - 5 + 5*x + f*x**2. Let j(v) = v**2 - 1. Let n(q) = -h(q) + 6*j(q). Calculate n(0).
2
Suppose 0 = 5*d + 20, 0 = -3*a - d - d - 20. Let h(u) = u**3 + 5*u**2 + 4*u + 6. What is h(a)?
6
Let t(j) = 2*j + 2. Let y = -25 + 28. Determine t(y).
8
Let q(v) = -6*v - 49. Let u be q(-9). Suppose 0 = -u*b + 6*b + 6. Let j(x) = -x + 3. Let r(l) = l - 3. Let w(f) = -3*j(f) - 4*r(f). Calculate w(b).
9
Let s(j) = j**2 - 14*j - 9. Suppose 229*v = 223*v + 84. What is s(v)?
-9
Let o = -89 - -104. Suppose 0 = n, -3*d + 5*n = -0 - o. Let v(b) = -2*b + 5. Determine v(d).
-5
Let s(v) be the third derivative of 7*v**5/15 + v**4/24 + v**3/6 - 6*v**2. Let h be 70/(-65) + (-4)/(-52). What is s(h)?
28
Let n(l) be the third derivative of -l**4/24 - 3*l**3/2 + 4*l**2 + 4*l. Determine n(-7).
-2
Let t(p) = -p**2 + 8*p - 6. Let o = -29 - -37. What is t(o)?
-6
Suppose -40 = -3*y - 5*y. Suppose 0 = y*k + 20. Let v(b) = 0*b**3 - 6 + 17*b - b**3 - 5*b**2 - 21*b. Give v(k).
-6
Let d = 89 - 38. Let y = 58 - d. Let g(l) = -5*l + 0 + l**2 - 2 - 8. Give g(y).
4
Suppose 0 = 3*t + 1 + 8. Let a(k) = 1316*k**2 + 1318*k**2 - 3*k + 1316*k**2 - 3951*k**2 - 4. What is a(t)?
-4
Let v = -1 + 5. Suppose 15*l - 16*l = v. Let h(k) = k**2 + 5*k - 2. Calculate h(l).
-6
Let r(h) = -9*h**2 + 23*h + 2. Let d(c) = c**2 - 4*c. Let b(f) = 5*d(f) + r(f). Determine b(-1).
-5
Let g = -236 + 240. Let f(d) be the second derivative of -d + 1/2*d**g + 0 + 0*d**3 + 3*d**2 + 1/20*d**5. Give f(-6).
6
Let r(f) = -21*f - 2. Suppose -1367*x + 1354*x + 26 = 0. What is r(x)?
-44
Let h(k) be the second derivative of -k**4/12 + k**3/6 + 5*k**2/2 + k. Let q = 19 + -15. Suppose -q*z + 0*p - 4*p + 12 = 0, -p + 3 = -3*z. What is h(z)?
5
Let z(o) = 9*o + 3. Let u be ((-28)/(-6))/((-10)/15). Let l(p) = -8*p - 2. Let n(x) = u*l(x) - 6*z(x). Give n(4).
4
Let a = -267 - -269. Let v(w) be the third derivative of -7/24*w**4 + 0 + 0*w - 4*w**a - 1/6*w**3. Calculate v(-1).
6
Let x(l) = 17*l + 7. Suppose 9*t = -3*z + 4*t + 38, 26 = 5*z - t. Let d(n) = 32*n + 13. Let o(h) = z*d(h) - 11*x(h). Give o(3).
16
Let t(s) be the second derivative of 2/3*s**3 + 1/10*s**5 + 0 + 29*s + 1/3*s**4 + 3/2*s**2. Give t(-2).
-5
Let f(u) be the third derivative of -u**8/10080 - u**7/2520 + u**6/720 + u**5/10 + 8*u**2. Let x(g) be the third derivative of f(g). Calculate x(1).
-3
Suppose -p + 0 = -5. Suppose 3*l + 13 = -p*q, 5*l - 7*q + 9*q = -28. Let f(s) be the second derivative of s**4/12 + s**3 + 9*s**2/2 + s. Calculate f(l).
9
Let f be (-240)/(-30)*1/(-4). Let u(x) = 9*x + 21. Calculate u(f).
3
Let k = -17 - -5. Let v = 10 + k. Let d be v/(44/12 - 3). Let f(s) = s**3 + 2*s**2 - 2*s - 2. Calculate f(d).
-5
Let v(h) = 27*h + 19. Let a(j) = -43*j - 29. Let f(b) = -5*a(b) - 8*v(b). What is f(-5)?
-2
Let y(z) = 4*z**2 + 22*z. Let k(d) = -d**2 - 8*d. Let r(p) = -8*k(p) - 3*y(p). Give r(1).
-6
Let m(k) be the third derivative of k**5/120 + 5*k**4/24 + 5*k**3/3 - 19*k**2. Let c(h) be the first derivative of m(h). Calculate c(-11).
-6
Let p(c) = -c**2 - 8*c - 4. Let o be (-3 - (-52)/16) + 26/(-8). Determine p(o).
11
Let r(u) = -u**3 + 15*u**2 + 15*u - 4. Let o(g) = -2*g**3 + 31*g**2 + 30*g - 9. Let a(f) = -2*o(f) + 5*r(f). Calculate a(14).
12
Let n(i) = -i**3 + 2*i**2 + 3*i + 1. Let s(o) = o**3 + o**2 - o + 1. Let a be s(-3). Let j be 28/4*(-6)/a. Give n(j).
1
Let x be (0 - 2)*(-3)/2. Suppose 0 = -x*o - 18. Let q(n) be the second derivative of -n**5/20 - 7*n**4/12 - n**3 - n**2/2 - 2*n - 1. Give q(o).
-1
Let q(o) be the second derivative of -o**4/6 - 4*o**3/3 + o**2/2 + 2*o + 12. What is q(-4)?
1
Suppose -9 = -3*d + 2*i + 6, 0 = -4*i. Suppose c = -2*o + 5, 3*c + 3*o = 2*c + d. Let k(v) = v - 6 + c*v + 2 - 3*v. Determine k(4).
8
Suppose -2 = -5*h + 13. Suppose 0 = 3*i + h*i + 12. Let z(x) = x + 2. Calculate z(i).
0
Let h be 4 - 5 - 1 - -19. Let q(w) = 22*w - 59*w + 25*w + h*w. Determine q(-1).
-5
Suppose -2*o - 20 + 35 = 5*n, 3*o = -n + 3. Let j(k) be the third derivative of 0*k + 1/24*k**4 - 5/3*k**n + 0 - 3*k**2. Determine j(7).
-3
Let i(r) = -5*r**2 - 2*r + 3. Suppose s + 3*o = 6*s - 16, 2*o = 5*s - 14. Give i(s).
-21
Let k(z) = z - 15. Suppose -2*i + 6 = -5*t, 14*t = 3*i + 11*t - 27. Calculate k(i).
-2
Let d(h) = h**3 - 15*h**2 + 15*h - 21. Suppose -12 = -6*f + 72. Determine d(f).
-7
Let o(t) = 3*t - 4. Let r be o(2). Let w(f) = -5 + 8*f**2 + 0*f**r + 5 + f**3 + 7. Determine w(-8).
7
Let n(y) = -14 - 179*y + 192*y - y**2 - 21*y. Calculate n(-6).
-2
Let y(c) = c + 4. Let w = 177 + -182. Give y(w).
-1
Let n = -8 + 3. Let i(r) be the first derivative of 1068*r - r**2 - 1068*r - 21. What is i(n)?
10
Let o(b) = b**2 + 3*b + 9. Let t(a) = -a**3 + 15*a**2 - 3*a + 13. Let d be t(15). Let r be 357/(-56) + (-12)/d. What is o(r)?
27
Let q(k) = -9*k**3 + 16*k**2 + k - 1. Let r(u) = -4*u**3 + 7*u**2. Let c(d) = 5*q(d) - 11*r(d). What is c(4)?
-1
Let z(i) = -9*i**2 + 24*i - 15. Let a(v) = 20*v**2 - 52*v + 32. Let t(m) = 4*a(m) + 9*z(m). Let w(p) = p**3 - p**2 + 2*p - 1. Let l be w(2). Determine t(l).
0
Let x be 8/3 - ((-10)/(-6) + -1). Let k(n) = x + 18*n - 11*n - 11*n - n**2. Determine k(-5).
-3
Suppose 11 = -g - 2*h, 6*g + h + 33 = 3*g. Let y(j) = j**3 + 10*j**2 - 16*j - 2. Determine y(g).
53
Let h be -3*(-15)/18 + (-3)/(-6). Suppose -4*c - c + 12 = -3*w, 2*c + h*w = 9. Let q(b) = -b**2 + 3*b + 4. Determine q(c).
4
Suppose 6*j - 54 = -0*j. Let y(b) = -2*b - 5*b - j*b + 15*b. Calculate y(5).
-5
Let k(i) = -i**3 + 7*i**2 - 4*i - 6. Let g be k(6). Suppose -2*d + 30 = 5*j, g*j - 3*j = 2*d + 2. Let m(b) = 66 - 64 + d*b - 4*b. Calculate m(5).
7
Let i(c) be the first derivative of c**2 - 7. Let j(s) be the third derivative of -s**5/60 - s**4/12 - s**3/3 - 8*s**2. Let r be j(-2). Give i(r).
-4
Let n(g) be the third derivative of -g**6/720 + g**5/120 - g**4/8 + 4*g**2. Let x(h) be the second derivative of n(h). Calculate x(8).
-7
Suppose 2*g + 2*g = 3*s + 6, g + 3 = 3*s. Let w(j) = 10*j**2 - j - 11*j**s - 6*j - 7. Give w(-8).
-15
Let j(s) be the third derivative of -s**6/10 - s**5/30 - s**4/12 - s**3/6 + 38*s**2. What is j(-1)?
11
Let z(y) = y**2 - 5*y - 2. Let h be 8/((-32)/(-12)) - -1 - -3. What is z(h)?
12
Let a(c) = -c + 5*c - 5*c**2 - 8 - 4*c**3 + 3*c**3. Let s be (-115)/20 - 2/8. Give a(s).
4
Let b be (11 - (27 - 15))/((-1)/12). Let t(l) = -l**2 + 15*l - 18. Calculate t(b).
18
Let p(a) = 3*a - 6*a + 4*a + 7 - 8. Calculate p(4).
3
Suppose -3*q = -4*z - 9, -z = -0*q + 3*q + 6. Let w(u) = -6*u**3 + 2*u**2 + u. Determine w(q).
7
Let u(b) be the first derivative of b**6/120 + b**5/10 + 7*b**4/24 + 7*b**3/6 - 11*b**2/2 + 12. Let f(j) be the second derivative of u(j). Determine f(-5).
-3
Suppose -2*f - 32 = -2*x, -10*x + 32 = -f - 5*x. Let m(u) = u**3 + 11*u**2 - 14*u - 20. What is m(f)?
4
Let t(q) be the first derivative of -q**3/3 + q**2 + 3*q - 42. What is t(-2)?
-5
Let b(h) = -3*h - h + 2559 - 2568. What is b(-6)?
15
Let q(g) be the third derivative of -g**6/120 - g**5/60 + 5*g**3/6 + 7*g**2 - 2*g. What is q(0)?
5
Let d(j) = -j - 10. Let h(c) = 2*c + 8. Let r be h(-10). Let y(z) = z**2 + 12*z + 2. Let a be y(r). Let x be a/3 + 92/(-12). Calculate d(x).
-3
Let t be (-6)/9 - (-323)/3. Suppose -f - t = -113. Let g(v) = -v**3 + 6*v**2 - 2*v + 2. What is g(f)?
-10
Let k(d) be the third derivative of -d**4/12 - 11*d**3/6 - 31*d**2 - 2. Determine k(-9).
7
Let q be 34/102 + (-26)/(-3). Let y(c) = -2*c + 13. Let i(g) = g - 1. Let n(t) = i(t) + y(t). Give n(q).
3
Let l be ((-9)/(-36))/(1/76). Let h(y) = l*y**3 - 46*y + y**2 + 46*y. Suppose -6 = -4*k - 4*s - 18, 8 = -4*k - 2*s. Determine h(k).
-18
Let c(n) be the third derivative of -4*n**5/15 + n**4/24 - n**3/6 - n**2. Let r be 3*3*3/27. What is c(r)?
-16
Suppose 0 = 2*q + k + 3 - 0, q - 4*k + 15 = 0. Let n(r) be the second derivative of -r + 1/2*r**3 + 0 + 3/2*r**2. Determine n(q).
-6
Suppose 3*w + 5*z - 5 = 0, -12*w = -14*w + 4*z - 26. Let n(a) = -3*a**2 - 3*a - 2. Determine n(w).
-62
Suppose 3*n - 3*m + 9 = 0, 0 = n - 7*m + 2*m + 15. Suppose -10*b - 4 = -24. Let g(p) = -3*p + b*p - 33 + p**3 + 35. What